{"id":150,"date":"2020-09-22T21:56:45","date_gmt":"2020-09-22T21:56:45","guid":{"rendered":"https:\/\/www.gdodivelas.pt\/inicio\/?page_id=150"},"modified":"2020-10-19T21:14:23","modified_gmt":"2020-10-19T21:14:23","slug":"politicas-de-privacidade","status":"publish","type":"page","link":"https:\/\/www.gdodivelas.pt\/inicio\/politicas-de-privacidade\/","title":{"rendered":"Pol\u00edticas de Privacidade"},"content":{"rendered":"<div id=\"pl-150\"  class=\"panel-layout\" ><div id=\"pg-150-0\"  class=\"panel-grid panel-no-style\" ><div id=\"pgc-150-0-0\"  class=\"panel-grid-cell\" ><div id=\"panel-150-0-0-0\" class=\"so-panel widget widget_sow-editor panel-first-child\" data-index=\"0\" ><div id=\"privacidade\" class=\"panel-widget-style panel-widget-style-for-150-0-0-0\" ><div\n\t\t\t\n\t\t\tclass=\"so-widget-sow-editor so-widget-sow-editor-base\"\n\t\t\t\n\t\t>\n<div class=\"siteorigin-widget-tinymce textwidget\">\n\t<div id=\"pg-33-0\" class=\"panel-grid panel-has-style\">\n<div class=\"siteorigin-panels-stretch panel-row-style panel-row-style-for-33-0\" data-stretch-type=\"full-stretched\" data-overlay=\"true\" data-overlay-color=\"#000000\">\n<div id=\"pgc-33-0-1\" class=\"panel-grid-cell panel-grid-cell-mobile-last\">\n<div id=\"panel-33-0-1-0\" class=\"so-panel widget widget_sow-editor panel-first-child panel-last-child\" data-index=\"0\">\n<div class=\"panel-widget-style panel-widget-style-for-33-0-1-0\" data-title-color=\"#443f3f\" data-headings-color=\"#443f3f\">\n<div class=\"so-widget-sow-editor so-widget-sow-editor-base\">\n<div class=\"siteorigin-widget-tinymce textwidget\">\n<h3>Privacidade<\/h3>\n<h4><strong>GDOdivelas e a prote\u00e7\u00e3o de dados pessoais<\/strong><\/h4>\n<p style=\"text-align: justify;\">A presente declara\u00e7\u00e3o tem como objetivo esclarecer quais os dados pessoais que recolhemos na intera\u00e7\u00e3o dos utilizadores com o nosso site, e o modo como efetuamos o seu tratamento.\u00a0Ao navegar neste website est\u00e1 a aceitar as pr\u00e1ticas descritas na presente declara\u00e7\u00e3o.<\/p>\n<h4>Que informa\u00e7\u00e3o recolhemos acerca de si?<\/h4>\n<p style=\"text-align: justify;\">Recolhemos informa\u00e7\u00e3o acerca de si quando se regista no nosso Website, coloca um pedido de aquisi\u00e7\u00e3o de produtos ou servi\u00e7os. N\u00f3s tamb\u00e9m recolhemos informa\u00e7\u00e3o sua quando voluntariamente preenche question\u00e1rios, usa a ferramenta de conversa\u00e7\u00e3o (\u201cchat\u201d, se existente) ou fornece opini\u00f5es (\u201cfeedback\u201d). A informa\u00e7\u00e3o de uso do Website \u00e9 recolhida usando cookies.<\/p>\n<h4>De que forma usamos a informa\u00e7\u00e3o recolhida<\/h4>\n<p style=\"text-align: justify;\">Os dados recolhidos servem para processar o seu pedido, gerir a sua conta e, se concordar, enviar-lhe por correio eletr\u00f3nico informa\u00e7\u00e3o acerca de outros produtos e servi\u00e7os que pensamos ser do seu interesse. Usamos a informa\u00e7\u00e3o recolhida do Website para personalizar as suas pr\u00f3ximas visitas ao nosso Website.<\/p>\n<p style=\"text-align: justify;\">Os seus dados pessoais, recolhidos com o presente registo, poder\u00e3o ser tratados por encarregados do tratamento, mesmo externos e destinam-se \u00e0 gest\u00e3o do Servi\u00e7o solicitado e \u00e0s actividades de marketing previstas, podendo ser acedidos pelo(s) respons\u00e1vel(eis) pelo tratamento ou pelas sociedades \u00e0s quais os mesmos dados foram comunicados como previsto no par\u00e1grafo seguinte.<\/p>\n<h4>Marketing<\/h4>\n<p style=\"text-align: justify;\">Os seus dados pessoais poder\u00e3o ser comunicados a terceiros para respeitar ordens provenientes de autoridades p\u00fablicas ou para o exerc\u00edcio de um direito em ju\u00edzo. Al\u00e9m disso, com o seu consentimento, os seus dados poder\u00e3o ser comunicados a ag\u00eancias de marketing digital, que tratar\u00e3o tais dados para as finalidades ligadas \u00e0 promo\u00e7\u00e3o dos respectivos produtos e servi\u00e7os, em exclusivo para a nossa empresa. Se n\u00e3o desejar receber outras ofertas\/promo\u00e7\u00f5es comerciais, nem ser contactado por motivos de marketing, ou se pretender verificar, modificar ou cancelar os seus dados, ou simplesmente opor-se \u00e0 sua utiliza\u00e7\u00e3o, basta enviar-nos um email com a sua inten\u00e7\u00e3o.<\/p>\n<h4>Acesso e corre\u00e7\u00e3o da sua informa\u00e7\u00e3o<\/h4>\n<p style=\"text-align: justify;\">Os titulares dos dados t\u00eam o direito de:<\/p>\n<ul>\n<li style=\"text-align: justify;\">Aceder \u00e0 informa\u00e7\u00e3o relacionada com o seu tratamento (Direito de Acesso);<\/li>\n<li style=\"text-align: justify;\">Solicitar a retifica\u00e7\u00e3o de dados inexatos (Direito de Retifica\u00e7\u00e3o);<\/li>\n<li style=\"text-align: justify;\">Solicitar o apagamento dos dados quando, entre outros motivos, j\u00e1 n\u00e3o sejam necess\u00e1rios para os fins que foram recolhidos; a GDOdivelas deixar\u00e1 de tratar os dados salvo para o exerc\u00edcio ou a defesa de poss\u00edveis reclama\u00e7\u00f5es (Direito de Esquecimento);<\/li>\n<li style=\"text-align: justify;\">Solicitar a limita\u00e7\u00e3o do tratamento dos seus dados, em cujo caso unicamente poder\u00e3o ser tratados com o seu consentimento, \u00e0 exce\u00e7\u00e3o da sua conserva\u00e7\u00e3o e utiliza\u00e7\u00e3o para o exerc\u00edcio ou a defesa de reclama\u00e7\u00f5es ou com vista \u00e0 prote\u00e7\u00e3o dos direitos de outra pessoa singular ou coletiva ou por raz\u00f5es de interesse p\u00fablico importante da Uni\u00e3o Europeia ou de um determinado Estado membro;<\/li>\n<li style=\"text-align: justify;\">Opor-se ao tratamento dos seus dados, em cujo caso, o (Respons\u00e1vel pelo tratamento) deixar\u00e1 de tratar os dados, salvo para a defesa de poss\u00edveis reclama\u00e7\u00f5es (Direito de Oposi\u00e7\u00e3o);<\/li>\n<li style=\"text-align: justify;\">Receber num formato estruturado, de uso comum e leitura mec\u00e2nica, os dados pessoais que lhe incumbam e que tenha facilitado a GDOdivelas ou solicitar a esta que os transmita diretamente a outro respons\u00e1vel quando seja tecnicamente poss\u00edvel (Direito de Portabilidade);<\/li>\n<li style=\"text-align: justify;\">Retirar o consentimento concedido, caso o tratamento de dados se baseia no consentimento do titular, sem que isso afete a licitude do tratamento baseado no consentimento previamente dado.<\/li>\n<\/ul>\n<p style=\"text-align: justify;\">Todos estes direitos poder\u00e3o ser exercidos mediante comunica\u00e7\u00e3o escrita dirigida \u00e0 GDOdivelas para o seguinte endere\u00e7o eletr\u00f3nico: <a href=\"mailto:grupododivelas@gmail.com\">grupododivelas@gmail.com<\/a><\/p>\n<h4>Medidas de seguran\u00e7a<\/h4>\n<p style=\"text-align: justify;\">Temos implementadas medidas t\u00e9cnicas e organizacionais adequadas para proteger os seus dados contra perda, modifica\u00e7\u00e3o, roubo ou o acesso por terceiros. Os nossos procedimentos de seguran\u00e7a s\u00e3o regularmente melhorados, de modo a reflectir o progresso tecnol\u00f3gico.<\/p>\n<h4>Outros sites<\/h4>\n<p style=\"text-align: justify;\">Este site pode conter links para outros endere\u00e7os externos. Este comunicado de privacidade apenas se aplica a este site. Ao navegar dever\u00e1 ter aten\u00e7\u00e3o quanto \u00e0s pol\u00edticas de privacidade dos outros endere\u00e7os.<\/p>\n<h4>Altera\u00e7\u00f5es a este comunicado de privacidade<\/h4>\n<p style=\"text-align: justify;\">As nossas pol\u00edticas de privacidade s\u00e3o revistas regularmente e todas as altera\u00e7\u00f5es ser\u00e3o publicadas neste Website. A \u00faltima atualiza\u00e7\u00e3o \u00e9 de 01 de janeiro de 2020.<\/p>\n<h4>Contactos<\/h4>\n<p>Se tiver alguma quest\u00e3o acerca da nossa pol\u00edtica de privacidade ou da informa\u00e7\u00e3o que temos sobre si, contacte-nos atrav\u00e9s do email\u00a0<a href=\"mailto:grupododivelas@gmail.com\">grupododivelas@gmail.com<\/a><\/p>\n<\/div>\n<\/div>\n<\/div>\n<\/div>\n<\/div>\n<\/div>\n<\/div>\n<\/div>\n<\/div><\/div><\/div><div id=\"panel-150-0-0-1\" class=\"so-panel widget widget_sow-editor panel-last-child\" data-index=\"1\" ><div id=\"cookies\" class=\"panel-widget-style panel-widget-style-for-150-0-0-1\" ><div\n\t\t\t\n\t\t\tclass=\"so-widget-sow-editor so-widget-sow-editor-base\"\n\t\t\t\n\t\t>\n<div class=\"siteorigin-widget-tinymce textwidget\">\n\t<div id=\"pg-33-0\" class=\"panel-grid panel-has-style\">\n<div class=\"siteorigin-panels-stretch panel-row-style panel-row-style-for-33-0\" data-stretch-type=\"full-stretched\" data-overlay=\"true\" data-overlay-color=\"#000000\">\n<div id=\"pgc-33-0-1\" class=\"panel-grid-cell panel-grid-cell-mobile-last\">\n<div id=\"panel-33-0-1-0\" class=\"so-panel widget widget_sow-editor panel-first-child panel-last-child\" data-index=\"0\">\n<div class=\"panel-widget-style panel-widget-style-for-33-0-1-0\" data-title-color=\"#443f3f\" data-headings-color=\"#443f3f\">\n<div class=\"so-widget-sow-editor so-widget-sow-editor-base\">\n<h3>Cookies<\/h3>\n<h4 class=\"siteorigin-widget-tinymce textwidget\">Uso de Cookies<\/h4>\n<div style=\"text-align: justify;\">Este site utiliza cookies para lhe permitir ter a melhor experi\u00eancia como utilizador. Se continuar a navegar est\u00e1 a dar o seu consentimento para a aceita\u00e7\u00e3o dos referidos cookies bem como da nossa Pol\u00edtica de Cookies.<\/div>\n<\/div>\n<\/div>\n<\/div>\n<\/div>\n<\/div>\n<\/div>\n<div id=\"pg-33-1\" class=\"panel-grid panel-has-style\">\n<div id=\"cookies\" class=\"siteorigin-panels-stretch panel-row-style panel-row-style-for-33-1\" data-stretch-type=\"full-stretched\" data-overlay=\"true\" data-overlay-color=\"#000000\">\n<div id=\"pgc-33-1-1\" class=\"panel-grid-cell panel-grid-cell-mobile-last\">\n<div id=\"panel-33-1-1-0\" class=\"so-panel widget widget_sow-editor panel-first-child panel-last-child\" data-index=\"1\">\n<div class=\"panel-widget-style panel-widget-style-for-33-1-1-0\" data-title-color=\"#443f3f\" data-headings-color=\"#443f3f\">\n<div class=\"so-widget-sow-editor so-widget-sow-editor-base\">\n<div class=\"siteorigin-widget-tinymce textwidget\">\n<h4>O que s\u00e3o cookies?<\/h4>\n<p style=\"text-align: justify;\">Os cookies s\u00e3o pequenos ficheiros de texto gravados no seu equipamento quando acede aos sites. Estes permitem o armazenamento de um conjunto de informa\u00e7\u00f5es relacionadas com o utilizador, em que umas s\u00e3o usadas para reconhecer o utilizador em futuras visitas ao nosso site, e outras s\u00e3o usadas para garantir as funcionalidades disponibilizadas e melhorar o desempenho e a experi\u00eancia do utilizador no site.<\/p>\n<p style=\"text-align: justify;\">O tipo de informa\u00e7\u00e3o que pode ser analisada utilizando cookies \u00e9 a seguinte: nome de utilizador, endere\u00e7o de correio eletr\u00f3nico e palavra-passe, o endere\u00e7o de protocolo de internet (IP) que \u00e9 utilizado para ligar \u00e0 internet, o tipo e a vers\u00e3o de navegador, o sistema operativo e a plataforma utilizada para a liga\u00e7\u00e3o, os endere\u00e7os web (URLs) desde os quais ou atrav\u00e9s dos quais tenha acedido e deixado os nossos servi\u00e7os online, e a data e a hora da referida atividade, entre outros.<\/p>\n<p style=\"text-align: justify;\">Os cookies dos sites podem ser, a qualquer momento, desactivados ou geridos. Para saber como o fazer aceda \u00e0 \u00e1rea de \u201cAjuda\u201d do seu Browser. Aten\u00e7\u00e3o: \u00e9 importante perceber que algumas \u00e1reas do site poder\u00e3o n\u00e3o funcionar correctamente ap\u00f3s a desactiva\u00e7\u00e3o dos cookies.<\/p>\n<h4>Finalidade dos cookies?<\/h4>\n<p style=\"text-align: justify;\">A utiliza\u00e7\u00e3o de cookies optimiza a navega\u00e7\u00e3o do utilizador, permitindo que os dados armazenados melhorem a sua experi\u00eancia no site, aumentando tamb\u00e9m a efici\u00eancia de resposta do endere\u00e7o web. Assim, permitem eliminar algumas a\u00e7\u00f5es repetitivas no site, bem como auxiliar na apresenta\u00e7\u00e3o de informa\u00e7\u00e3o, para ir, o mais poss\u00edvel de encontro aos seus interesses.<\/p>\n<h4>Tipos de cookies utilizados<\/h4>\n<p style=\"text-align: justify;\">Os cookies s\u00e3o segmentados de acordo com a sua finalidade e data de validade.<\/p>\n<p style=\"text-align: justify;\">Os cookies essenciais s\u00e3o elementos fundamentais de acesso a determinadas \u00e1reas do site, tais como o acesso a \u00e1reas seguras do site atrav\u00e9s de login e Password. Desactivando os cookies os mesmos servi\u00e7os poder\u00e3o n\u00e3o ser consultados.<\/p>\n<p style=\"text-align: justify;\">Os cookies de funcionalidade memorizam as prefer\u00eancias de navega\u00e7\u00e3o do utilizador.<\/p>\n<p style=\"text-align: justify;\">Os cookies anal\u00edticos permitem a memoriza\u00e7\u00e3o da forma como determinado site \u00e9 navegado, com a finalidade de apresenta\u00e7\u00e3o de produtos ou servi\u00e7os que v\u00e3o de encontro ao utilizador, atrav\u00e9s da monitoriza\u00e7\u00e3o do site. S\u00e3o exemplos os que guardam as p\u00e1ginas mais visitadas, o tempo em cada p\u00e1gina, produtos ou servi\u00e7os pesquisados, etc. Estes cookies armazenam informa\u00e7\u00f5es de teor estat\u00edstico.<\/p>\n<h4>Express\u00e3o de consentimento de uso de cookies<\/h4>\n<p style=\"text-align: justify;\">O utilizador ao aceder ao nosso site d\u00e1 o seu consentimento para o uso de cookies atrav\u00e9s de um bot\u00e3o OK no banner que aparece quando o utilizador visita pela primeira vez o nosso site.<\/p>\n<\/div>\n<\/div>\n<\/div>\n<\/div>\n<\/div>\n<\/div>\n<\/div>\n<\/div>\n<\/div><\/div><\/div><\/div><\/div><\/div>","protected":false},"excerpt":{"rendered":"<p>Privacidade GDOdivelas e a prote\u00e7\u00e3o de dados pessoais A presente declara\u00e7\u00e3o tem como objetivo esclarecer quais os dados pessoais que recolhemos na intera\u00e7\u00e3o dos utilizadores com o nosso site, e o modo como efetuamos o seu tratamento.\u00a0Ao navegar neste website est\u00e1 a aceitar as pr\u00e1ticas descritas na presente declara\u00e7\u00e3o. Que informa\u00e7\u00e3o recolhemos acerca de si? [&hellip;]<\/p>\n","protected":false},"author":1,"featured_media":0,"parent":0,"menu_order":0,"comment_status":"closed","ping_status":"closed","template":"","meta":{"ngg_post_thumbnail":0,"footnotes":""},"class_list":["post-150","page","type-page","status-publish","hentry"],"_links":{"self":[{"href":"https:\/\/www.gdodivelas.pt\/inicio\/wp-json\/wp\/v2\/pages\/150","targetHints":{"allow":["GET"]}}],"collection":[{"href":"https:\/\/www.gdodivelas.pt\/inicio\/wp-json\/wp\/v2\/pages"}],"about":[{"href":"https:\/\/www.gdodivelas.pt\/inicio\/wp-json\/wp\/v2\/types\/page"}],"author":[{"embeddable":true,"href":"https:\/\/www.gdodivelas.pt\/inicio\/wp-json\/wp\/v2\/users\/1"}],"replies":[{"embeddable":true,"href":"https:\/\/www.gdodivelas.pt\/inicio\/wp-json\/wp\/v2\/comments?post=150"}],"version-history":[{"count":20,"href":"https:\/\/www.gdodivelas.pt\/inicio\/wp-json\/wp\/v2\/pages\/150\/revisions"}],"predecessor-version":[{"id":408,"href":"https:\/\/www.gdodivelas.pt\/inicio\/wp-json\/wp\/v2\/pages\/150\/revisions\/408"}],"wp:attachment":[{"href":"https:\/\/www.gdodivelas.pt\/inicio\/wp-json\/wp\/v2\/media?parent=150"}],"curies":[{"name":"wp","href":"https:\/\/api.w.org\/{rel}","templated":true}]}}